{"id":822,"date":"2022-05-06T09:22:00","date_gmt":"2022-05-06T12:22:00","guid":{"rendered":"https:\/\/gappesagem.com.br\/site\/?page_id=822"},"modified":"2024-01-23T17:24:05","modified_gmt":"2024-01-23T20:24:05","slug":"alta-precisao","status":"publish","type":"page","link":"https:\/\/gappesagem.com.br\/site\/alta-precisao\/","title":{"rendered":"Alta Precis\u00e3o"},"content":{"rendered":"<div style=\"margin: 0 auto; width: 80%;\">\n<p><strong>TOVEY Engineering, INC<\/strong><\/p>\n<table  style=\"width: 100%; border-collapse: collapse; border-style: none; height: 199px;\">\n<tbody>\n<tr style=\"height: 199px;\">\n<td style=\"width: 32.5301%; height: 199px; border-style: none;\"><img fetchpriority=\"high\" decoding=\"async\" class=\"alignleft size-full wp-image-902\" src=\"https:\/\/gappesagem.com.br\/site\/wp-content\/uploads\/2022\/05\/fabrica-300x183-300x183-1.png\" alt=\"GAP Pesagem Solu\u00e7\u00f5es Industriais\" width=\"300\" height=\"183\" \/><\/td>\n<td style=\"width: 67.4699%; text-align: left; border-style: none; vertical-align: top; height: 199px;\">&nbsp;<\/p>\n<p style=\"text-align: justify;\"><span style=\"color: #333399; font-size: 14pt;\"><em>A Tovey Engineering foi fundada em 1995 para desenvolver e fabricar c\u00e9lulas de carga de alto desempenho e fornecer um recurso sofisticado de medi\u00e7\u00e3o de for\u00e7a para engenheiros de testes mec\u00e2nicos e laborat\u00f3rios de metrologia de for\u00e7a e torque.<\/em><\/span><\/p>\n<\/td>\n<\/tr>\n<\/tbody>\n<\/table>\n<p><strong>Alta Precis\u00e3o em C\u00e9lulas de Carga<\/strong><\/p>\n<p><img decoding=\"async\" src=\"https:\/\/gappesagem.com.br\/site\/wp-content\/uploads\/2022\/05\/fotogeralap.jpg\" alt=\"\" width=\"783\" height=\"191\" \/><\/p>\n<p style=\"text-align: justify;\">C\u00e9lulas de carga de alta precis\u00e3o para metrologia, testes de fadiga, testes estruturais e de materiais.<br \/>\n<span style=\"color: #333399;\">Capacidades de 1 lbf a 1000 Klbf (0,454 kgf a 454 tf)<\/span><\/p>\n<ul>\n<li>Sistemas de calibra\u00e7\u00e3o de for\u00e7a e torque.<\/li>\n<li>M\u00e1quinas de peso morto.<\/li>\n<li>Instrumentos de alta performance.<\/li>\n<li>Softwares de calibra\u00e7\u00e3o.<\/li>\n<li>Medidores de torque de 25 a 100Kin-lbf.<\/li>\n<\/ul>\n<p style=\"text-align: right;\"><strong><span style=\"color: #333399;\">Acredita\u00e7\u00e3o:<\/span><br \/>\n<\/strong>NVLAP Lab Code 200662-0<br \/>\nANSI Z540, ISO\/IEC 17025<br \/>\nASTM E74, ISO 376<\/p>\n<p><img decoding=\"async\" src=\"https:\/\/gappesagem.com.br\/site\/wp-content\/uploads\/2022\/05\/ap2.png\" alt=\"\" width=\"940\" height=\"516\" \/><\/p>\n<p><img loading=\"lazy\" decoding=\"async\" src=\"https:\/\/gappesagem.com.br\/site\/wp-content\/uploads\/2024\/01\/ap324.png\" alt=\"\" width=\"935\" height=\"1219\" \/><\/p>\n<p><img loading=\"lazy\" decoding=\"async\" src=\"https:\/\/gappesagem.com.br\/site\/wp-content\/uploads\/2022\/05\/ap5.jpg\" alt=\"\" width=\"977\" height=\"488\" \/><\/p>\n<p><img loading=\"lazy\" decoding=\"async\" src=\"https:\/\/gappesagem.com.br\/site\/wp-content\/uploads\/2022\/05\/ap4.jpg\" alt=\"\" width=\"961\" height=\"526\" \/><\/p>\n<p style=\"text-align:center;\">\n<a href=\"https:\/\/gappesagem.com.br\/site\/contato\/\"><img loading=\"lazy\" decoding=\"async\" class=\"aligncenter wp-image-1179\" src=\"https:\/\/gappesagem.com.br\/site\/wp-content\/uploads\/2022\/05\/banner_paginas2018.png\" alt=\"\" width=\"420\" height=\"78\" \/><\/a>\n<\/p>\n<\/div>\n","protected":false},"excerpt":{"rendered":"<p>TOVEY Engineering, INC &nbsp; A Tovey Engineering foi fundada em 1995 para desenvolver e fabricar c\u00e9lulas de carga de alto desempenho e fornecer um recurso sofisticado de medi\u00e7\u00e3o de for\u00e7a<\/p>\n","protected":false},"author":1,"featured_media":0,"parent":0,"menu_order":0,"comment_status":"closed","ping_status":"closed","template":"","meta":{"_joinchat":[],"footnotes":""},"class_list":{"1":"page","2":"type-page","3":"status-publish","4":"hentry"},"_links":{"self":[{"href":"https:\/\/gappesagem.com.br\/site\/wp-json\/wp\/v2\/pages\/822","targetHints":{"allow":["GET"]}}],"collection":[{"href":"https:\/\/gappesagem.com.br\/site\/wp-json\/wp\/v2\/pages"}],"about":[{"href":"https:\/\/gappesagem.com.br\/site\/wp-json\/wp\/v2\/types\/page"}],"author":[{"embeddable":true,"href":"https:\/\/gappesagem.com.br\/site\/wp-json\/wp\/v2\/users\/1"}],"replies":[{"embeddable":true,"href":"https:\/\/gappesagem.com.br\/site\/wp-json\/wp\/v2\/comments?post=822"}],"version-history":[{"count":54,"href":"https:\/\/gappesagem.com.br\/site\/wp-json\/wp\/v2\/pages\/822\/revisions"}],"predecessor-version":[{"id":2891,"href":"https:\/\/gappesagem.com.br\/site\/wp-json\/wp\/v2\/pages\/822\/revisions\/2891"}],"wp:attachment":[{"href":"https:\/\/gappesagem.com.br\/site\/wp-json\/wp\/v2\/media?parent=822"}],"curies":[{"name":"wp","href":"https:\/\/api.w.org\/{rel}","templated":true}]}}