{"id":1581,"date":"2022-05-31T12:07:40","date_gmt":"2022-05-31T15:07:40","guid":{"rendered":"https:\/\/gappesagem.com.br\/site\/?page_id=1581"},"modified":"2023-06-23T11:27:22","modified_gmt":"2023-06-23T14:27:22","slug":"celula-de-carga-para-tracao-e-compressao-2","status":"publish","type":"page","link":"https:\/\/gappesagem.com.br\/site\/celula-de-carga-para-tracao-e-compressao-2\/","title":{"rendered":"C\u00e9lula de Carga para tra\u00e7\u00e3o e compress\u00e3o"},"content":{"rendered":"<p style=\"text-align: center;\"><!--more--><img fetchpriority=\"high\" decoding=\"async\" class=\"aligncenter size-full wp-image-2208\" src=\"https:\/\/gappesagem.com.br\/site\/wp-content\/uploads\/2023\/06\/tf23v.png\" alt=\"\" width=\"772\" height=\"324\" \/> <img decoding=\"async\" class=\"aligncenter size-full wp-image-2205\" src=\"http:\/\/gappesagem.com.br\/wp-content\/uploads\/2019\/09\/ds4.jpg\" alt=\"\" width=\"789\" height=\"404\" \/><\/p>\n<p style=\"text-align: center;\"><a href=\"https:\/\/gappesagem.com.br\/site\/contato\/\"><img decoding=\"async\" class=\"aligncenter wp-image-1179\" src=\"https:\/\/gappesagem.com.br\/site\/wp-content\/uploads\/2022\/05\/banner_paginas2018.png\" alt=\"\" width=\"420\" height=\"78\" \/><\/a><\/p>\n","protected":false},"excerpt":{"rendered":"","protected":false},"author":1,"featured_media":0,"parent":0,"menu_order":0,"comment_status":"closed","ping_status":"closed","template":"","meta":{"_joinchat":[],"footnotes":""},"class_list":{"1":"page","2":"type-page","3":"status-publish","4":"hentry"},"_links":{"self":[{"href":"https:\/\/gappesagem.com.br\/site\/wp-json\/wp\/v2\/pages\/1581","targetHints":{"allow":["GET"]}}],"collection":[{"href":"https:\/\/gappesagem.com.br\/site\/wp-json\/wp\/v2\/pages"}],"about":[{"href":"https:\/\/gappesagem.com.br\/site\/wp-json\/wp\/v2\/types\/page"}],"author":[{"embeddable":true,"href":"https:\/\/gappesagem.com.br\/site\/wp-json\/wp\/v2\/users\/1"}],"replies":[{"embeddable":true,"href":"https:\/\/gappesagem.com.br\/site\/wp-json\/wp\/v2\/comments?post=1581"}],"version-history":[{"count":3,"href":"https:\/\/gappesagem.com.br\/site\/wp-json\/wp\/v2\/pages\/1581\/revisions"}],"predecessor-version":[{"id":2641,"href":"https:\/\/gappesagem.com.br\/site\/wp-json\/wp\/v2\/pages\/1581\/revisions\/2641"}],"wp:attachment":[{"href":"https:\/\/gappesagem.com.br\/site\/wp-json\/wp\/v2\/media?parent=1581"}],"curies":[{"name":"wp","href":"https:\/\/api.w.org\/{rel}","templated":true}]}}