{"id":1565,"date":"2022-05-31T11:51:43","date_gmt":"2022-05-31T14:51:43","guid":{"rendered":"https:\/\/gappesagem.com.br\/site\/?page_id=1565"},"modified":"2022-06-28T09:42:56","modified_gmt":"2022-06-28T12:42:56","slug":"celulas-de-carga-especiais-customizadas-2","status":"publish","type":"page","link":"https:\/\/gappesagem.com.br\/site\/celulas-de-carga-especiais-customizadas-2\/","title":{"rendered":"C\u00e9lulas de Carga Especiais Customizadas"},"content":{"rendered":"<p style=\"text-align: justify;\">A <span style=\"color: #333399;\"><strong>Gap Solu\u00e7\u00f5es Industriais<\/strong><\/span> atrav\u00e9s de seus parceiros, fabricantes, oferece c\u00e9lulas de carga customizadas de acordo com a necessidade da aplica\u00e7\u00e3o.<\/p>\n<p>Entre in\u00fameros projetos especiais temos:<\/p>\n<h5><span style=\"color: #333399;\"><strong>C\u00e9lulas de carga com furo central passante<\/strong><\/span><\/h5>\n<p><span style=\"color: #333399;\"><strong> <img decoding=\"async\" class=\"wp-image-1486 alignleft\" style=\"margin-right: 5%;\" src=\"http:\/\/gappesagem.com.br\/wp-content\/uploads\/2018\/04\/furopassante2.jpg\" alt=\"\" width=\"232\" height=\"150\" \/><img decoding=\"async\" class=\"wp-image-1485 alignleft\" style=\"margin-right: 5%;\" src=\"http:\/\/gappesagem.com.br\/wp-content\/uploads\/2018\/04\/furopassante.jpg\" alt=\"\" width=\"219\" height=\"149\" \/><img decoding=\"async\" class=\"size-full wp-image-1490 alignleft\" style=\"margin-right: 5%;\" src=\"http:\/\/gappesagem.com.br\/wp-content\/uploads\/2018\/04\/furopassante3.jpg\" alt=\"\" width=\"220\" height=\"149\" \/> <img loading=\"lazy\" decoding=\"async\" class=\"alignleft size-full wp-image-1985\" src=\"https:\/\/gappesagem.com.br\/site\/wp-content\/uploads\/2022\/06\/azul_central.png\" alt=\"C\u00e9lulas Customizadas\" width=\"220\" height=\"149\" \/><\/strong><\/span><\/p>\n<p>&nbsp;<\/p>\n<p>&nbsp;<\/p>\n<p>&nbsp;<\/p>\n<p>&nbsp;<\/p>\n<p>&nbsp;<\/p>\n<p style=\"text-align: justify;\">C\u00e9lulas de carga desenvolvidas com a finalidade de medi\u00e7\u00e3o de esfor\u00e7os seriais em aplica\u00e7\u00f5es est\u00e1ticas e din\u00e2micas:<\/p>\n<p style=\"text-align: justify;\">Cargas Nominais: De 12 a 500tf<\/p>\n<p style=\"text-align: justify;\">Fabricadas nas mais diversas dimens\u00f5es: di\u00e2metro externo, di\u00e2metro do furo central e altura.<\/p>\n<p style=\"text-align: justify;\">\u2022 Sistemas de roscas e atuadores hidr\u00e1ulicos ou pneum\u00e1ticos.<br \/>\n\u2022 P\u00f3rticos suspensos.<br \/>\n\u2022 Monitoramento de esfor\u00e7os em tirantes de sustenta\u00e7\u00e3o.<br \/>\n\u2022 Medi\u00e7\u00e3o de esfor\u00e7os em parafusos e roscas sem-fim de um modo geral.<br \/>\n\u2022 Medi\u00e7\u00e3o de carga em molas.<br \/>\n\u2022 Podem ser utilizadas como arruelas de carga as quais s\u00e3o montadas em s\u00e9rie com fusos e eixos e, al\u00e9m da medi\u00e7\u00e3o, para desacoplamento das cargas de tor\u00e7\u00e3o, mediante o uso de rolamentos axiais em s\u00e9rie.<br \/>\n\u2022 Seu projeto de coluna vazada permite a medi\u00e7\u00e3o de for\u00e7as de tra\u00e7\u00e3o, podendo ser instaladas em qualquer posi\u00e7\u00e3o.<br \/>\n\u2022 Podem ser fixadas pela base, por parafusos, pinos de cisalhamento ou simplesmente apoiadas.<\/p>\n<p style=\"text-align: center;\"><a href=\"https:\/\/gappesagem.com.br\/site\/contato\/\"><img loading=\"lazy\" decoding=\"async\" class=\"aligncenter wp-image-1179\" src=\"https:\/\/gappesagem.com.br\/site\/wp-content\/uploads\/2022\/05\/banner_paginas2018.png\" alt=\"\" width=\"420\" height=\"78\" \/><\/a><\/p>\n","protected":false},"excerpt":{"rendered":"<p>A Gap Solu\u00e7\u00f5es Industriais atrav\u00e9s de seus parceiros, fabricantes, oferece c\u00e9lulas de carga customizadas de acordo com a necessidade da aplica\u00e7\u00e3o. Entre in\u00fameros projetos especiais temos: C\u00e9lulas de carga com<\/p>\n","protected":false},"author":1,"featured_media":0,"parent":0,"menu_order":0,"comment_status":"closed","ping_status":"closed","template":"","meta":{"_joinchat":[],"footnotes":""},"class_list":{"1":"page","2":"type-page","3":"status-publish","4":"hentry"},"_links":{"self":[{"href":"https:\/\/gappesagem.com.br\/site\/wp-json\/wp\/v2\/pages\/1565","targetHints":{"allow":["GET"]}}],"collection":[{"href":"https:\/\/gappesagem.com.br\/site\/wp-json\/wp\/v2\/pages"}],"about":[{"href":"https:\/\/gappesagem.com.br\/site\/wp-json\/wp\/v2\/types\/page"}],"author":[{"embeddable":true,"href":"https:\/\/gappesagem.com.br\/site\/wp-json\/wp\/v2\/users\/1"}],"replies":[{"embeddable":true,"href":"https:\/\/gappesagem.com.br\/site\/wp-json\/wp\/v2\/comments?post=1565"}],"version-history":[{"count":17,"href":"https:\/\/gappesagem.com.br\/site\/wp-json\/wp\/v2\/pages\/1565\/revisions"}],"predecessor-version":[{"id":1988,"href":"https:\/\/gappesagem.com.br\/site\/wp-json\/wp\/v2\/pages\/1565\/revisions\/1988"}],"wp:attachment":[{"href":"https:\/\/gappesagem.com.br\/site\/wp-json\/wp\/v2\/media?parent=1565"}],"curies":[{"name":"wp","href":"https:\/\/api.w.org\/{rel}","templated":true}]}}