{"id":1442,"date":"2022-05-31T09:54:52","date_gmt":"2022-05-31T12:54:52","guid":{"rendered":"https:\/\/gappesagem.com.br\/site\/?page_id=1442"},"modified":"2022-05-31T10:45:17","modified_gmt":"2022-05-31T13:45:17","slug":"solucoes-industriais-para-pos-e-granulados","status":"publish","type":"page","link":"https:\/\/gappesagem.com.br\/site\/solucoes-industriais-para-pos-e-granulados\/","title":{"rendered":"Solu\u00e7\u00f5es Industriais para P\u00f3s e Granulados"},"content":{"rendered":"<h5 style=\"text-align: justify;\"><span style=\"color: #0000ff;\"><em>Solu\u00e7\u00f5es em dosagens volum\u00e9tricas, por peso, transporte de material, mistura, ensaque, selagem e outros.<\/em><\/span><\/h5>\n<p><figure id=\"attachment_2980\" aria-describedby=\"caption-attachment-2980\" style=\"width: 177px\" class=\"wp-caption alignleft\"><img decoding=\"async\" class=\"wp-image-2980\" src=\"http:\/\/gappesagem.com.br\/wp-content\/uploads\/2021\/01\/Foto1Ensacadeira-190x300.jpg\" alt=\"Ensacadeira Autom\u00e1tica\" width=\"177\" height=\"280\" \/><figcaption id=\"caption-attachment-2980\" class=\"wp-caption-text\">Ensacadeira Autom\u00e1tica<\/figcaption><\/figure><figure id=\"attachment_2981\" aria-describedby=\"caption-attachment-2981\" style=\"width: 208px\" class=\"wp-caption alignleft\"><img fetchpriority=\"high\" decoding=\"async\" class=\"wp-image-2981\" src=\"http:\/\/gappesagem.com.br\/wp-content\/uploads\/2021\/01\/Foto2dosa-1-223x300.jpg\" alt=\"Dosadores Volum\u00e9tricos\" width=\"208\" height=\"280\" \/><figcaption id=\"caption-attachment-2981\" class=\"wp-caption-text\">Dosadores Volum\u00e9tricos<\/figcaption><\/figure><figure id=\"attachment_2982\" aria-describedby=\"caption-attachment-2982\" style=\"width: 288px\" class=\"wp-caption alignleft\"><img decoding=\"async\" class=\"wp-image-2982\" src=\"http:\/\/gappesagem.com.br\/wp-content\/uploads\/2021\/01\/Foto3Transp-1-300x292.jpg\" alt=\"Transportadores Pneum\u00e1ticos\" width=\"288\" height=\"280\" \/><figcaption id=\"caption-attachment-2982\" class=\"wp-caption-text\">Transportadores Pneum\u00e1ticos<\/figcaption><\/figure><figure id=\"attachment_2983\" aria-describedby=\"caption-attachment-2983\" style=\"width: 175px\" class=\"wp-caption alignleft\"><img loading=\"lazy\" decoding=\"async\" class=\"wp-image-2983\" src=\"http:\/\/gappesagem.com.br\/wp-content\/uploads\/2021\/01\/Foto4bigbag-2-185x300.jpg\" alt=\"Ensacadeira Autom\u00e1tica de Big Bag\" width=\"175\" height=\"285\" \/><figcaption id=\"caption-attachment-2983\" class=\"wp-caption-text\">Ensacadeira Autom\u00e1tica de Big Bag<\/figcaption><\/figure><figure id=\"attachment_2985\" aria-describedby=\"caption-attachment-2985\" style=\"width: 250px\" class=\"wp-caption alignleft\"><img loading=\"lazy\" decoding=\"async\" class=\"wp-image-2985\" src=\"http:\/\/gappesagem.com.br\/wp-content\/uploads\/2021\/01\/Foto6rosca-1-300x280.jpg\" alt=\"Rosca Transportadora\" width=\"250\" height=\"234\" \/><figcaption id=\"caption-attachment-2985\" class=\"wp-caption-text\">Rosca Transportadora<\/figcaption><\/figure><\/p>\n<p>&nbsp;<\/p>\n<p>&nbsp;<\/p>\n<p>&nbsp;<\/p>\n<p>&nbsp;<\/p>\n<p>&nbsp;<\/p>\n<p>&nbsp;<\/p>\n<p>&nbsp;<\/p>\n<p>&nbsp;<\/p>\n<p>&nbsp;<\/p>\n<figure id=\"attachment_2984\" aria-describedby=\"caption-attachment-2984\" style=\"width: 248px\" class=\"wp-caption aligncenter\"><img loading=\"lazy\" decoding=\"async\" class=\"wp-image-2984\" src=\"http:\/\/gappesagem.com.br\/wp-content\/uploads\/2021\/01\/Foto5MIstu-1-300x167.jpg\" alt=\"Misturador Horizontal\" width=\"248\" height=\"138\" \/><figcaption id=\"caption-attachment-2984\" class=\"wp-caption-text\">Misturador Horizontal<\/figcaption><\/figure>\n<p>&nbsp;<\/p>\n<p>&nbsp;<\/p>\n<p>&nbsp;<\/p>\n<p>&nbsp;<\/p>\n<p>&nbsp;<\/p>\n<p>&nbsp;<\/p>\n<p>&nbsp;<\/p>\n<p>&nbsp;<\/p>\n<p>&nbsp;<\/p>\n<p>&nbsp;<\/p>\n<p style=\"text-align:center;\">\n<a href=\"https:\/\/gappesagem.com.br\/site\/contato\/\"><img loading=\"lazy\" decoding=\"async\" class=\"aligncenter wp-image-1179\" src=\"https:\/\/gappesagem.com.br\/site\/wp-content\/uploads\/2022\/05\/banner_paginas2018.png\" alt=\"\" width=\"420\" height=\"78\" \/><\/a><\/p>\n","protected":false},"excerpt":{"rendered":"<p>Solu\u00e7\u00f5es em dosagens volum\u00e9tricas, por peso, transporte de material, mistura, ensaque, selagem e outros. &nbsp; &nbsp; &nbsp; &nbsp; &nbsp; &nbsp; &nbsp; &nbsp; &nbsp; &nbsp; &nbsp; &nbsp; &nbsp; &nbsp; &nbsp; &nbsp;<\/p>\n","protected":false},"author":1,"featured_media":0,"parent":0,"menu_order":0,"comment_status":"closed","ping_status":"closed","template":"","meta":{"_joinchat":[],"footnotes":""},"class_list":{"1":"page","2":"type-page","3":"status-publish","4":"hentry"},"_links":{"self":[{"href":"https:\/\/gappesagem.com.br\/site\/wp-json\/wp\/v2\/pages\/1442","targetHints":{"allow":["GET"]}}],"collection":[{"href":"https:\/\/gappesagem.com.br\/site\/wp-json\/wp\/v2\/pages"}],"about":[{"href":"https:\/\/gappesagem.com.br\/site\/wp-json\/wp\/v2\/types\/page"}],"author":[{"embeddable":true,"href":"https:\/\/gappesagem.com.br\/site\/wp-json\/wp\/v2\/users\/1"}],"replies":[{"embeddable":true,"href":"https:\/\/gappesagem.com.br\/site\/wp-json\/wp\/v2\/comments?post=1442"}],"version-history":[{"count":17,"href":"https:\/\/gappesagem.com.br\/site\/wp-json\/wp\/v2\/pages\/1442\/revisions"}],"predecessor-version":[{"id":1515,"href":"https:\/\/gappesagem.com.br\/site\/wp-json\/wp\/v2\/pages\/1442\/revisions\/1515"}],"wp:attachment":[{"href":"https:\/\/gappesagem.com.br\/site\/wp-json\/wp\/v2\/media?parent=1442"}],"curies":[{"name":"wp","href":"https:\/\/api.w.org\/{rel}","templated":true}]}}