{"id":1154,"date":"2022-05-24T14:57:03","date_gmt":"2022-05-24T17:57:03","guid":{"rendered":"https:\/\/gappesagem.com.br\/site\/?page_id=1154"},"modified":"2022-06-25T16:22:36","modified_gmt":"2022-06-25T19:22:36","slug":"pesagem-industrial-2","status":"publish","type":"page","link":"https:\/\/gappesagem.com.br\/site\/pesagem-industrial-2\/","title":{"rendered":"Pesagem Industrial"},"content":{"rendered":"<div style=\"margin: 0 auto; width: 80%;\">\n<p>Sistemas de Pesagem para Silos e Tanques, Balan\u00e7as Industriais e Rodovi\u00e1rias e Ensacadeiras<\/p>\n<table style=\"width: 98%;\">\n<tbody>\n<tr>\n<td style=\"width: 103px;\"><img decoding=\"async\" class=\"aligncenter size-full wp-image-1789\" src=\"http:\/\/gappesagem.com.br\/wp-content\/uploads\/2016\/06\/bi.jpg\" alt=\"\" width=\"100\" height=\"100\" \/><\/td>\n<td style=\"text-align: left; width: 265px;\"><strong><a href=\"https:\/\/gappesagem.com.br\/site\/balancas\/\">Balan\u00e7as Industriais<\/a><\/strong><\/td>\n<td style=\"width: 100px;\"><img decoding=\"async\" class=\"aligncenter size-full wp-image-1770\" src=\"http:\/\/gappesagem.com.br\/wp-content\/uploads\/2019\/09\/silo_pa.jpg\" alt=\"\" width=\"100\" height=\"100\" \/><\/td>\n<td style=\"width: 276px;\"><strong><a href=\"https:\/\/gappesagem.com.br\/site\/sistemas-de-pesagem-para-tanques-e-silos\/\">Sistemas de pesagem para Tanques e Silos<\/a><\/strong><\/td>\n<\/tr>\n<tr>\n<td style=\"width: 103px;\"><span style=\"width: 100px;\"><img decoding=\"async\" class=\"aligncenter size-full wp-image-1770\" src=\"http:\/\/gappesagem.com.br\/wp-content\/uploads\/2019\/09\/container_p.jpg\" alt=\"\" width=\"100\" height=\"100\" \/><\/span><\/td>\n<td style=\"text-align: left; width: 265px;\"><strong>Balan\u00e7as Especiais Customizadas<\/strong><\/td>\n<td style=\"width: 100px;\"><img loading=\"lazy\" decoding=\"async\" class=\"aligncenter size-full wp-image-1770\" src=\"http:\/\/gappesagem.com.br\/wp-content\/uploads\/2021\/01\/icone_ensacadoras.jpg\" alt=\"\" width=\"100\" height=\"100\" \/><\/td>\n<td style=\"width: 276px;\"><strong><a href=\"https:\/\/gappesagem.com.br\/site\/solucoes-industriais-para-pos-e-granulados\/\">Solu\u00e7\u00f5es Industriais para P\u00f3s e Granulados<\/a><\/strong><\/td>\n<\/tr>\n<\/tbody>\n<\/table>\n<p style=\"text-align: center;\"><a href=\"https:\/\/gappesagem.com.br\/site\/contato\/\"><img loading=\"lazy\" decoding=\"async\" class=\"aligncenter wp-image-1179\" src=\"https:\/\/gappesagem.com.br\/site\/wp-content\/uploads\/2022\/05\/banner_paginas2018.png\" alt=\"\" width=\"420\" height=\"78\" \/><\/a><\/p>\n<\/div>\n","protected":false},"excerpt":{"rendered":"<p>Sistemas de Pesagem para Silos e Tanques, Balan\u00e7as Industriais e Rodovi\u00e1rias e Ensacadeiras Balan\u00e7as Industriais Sistemas de pesagem para Tanques e Silos Balan\u00e7as Especiais Customizadas Solu\u00e7\u00f5es Industriais para P\u00f3s e<\/p>\n","protected":false},"author":1,"featured_media":0,"parent":0,"menu_order":0,"comment_status":"closed","ping_status":"closed","template":"","meta":{"_joinchat":[],"footnotes":""},"class_list":{"1":"page","2":"type-page","3":"status-publish","4":"hentry"},"_links":{"self":[{"href":"https:\/\/gappesagem.com.br\/site\/wp-json\/wp\/v2\/pages\/1154","targetHints":{"allow":["GET"]}}],"collection":[{"href":"https:\/\/gappesagem.com.br\/site\/wp-json\/wp\/v2\/pages"}],"about":[{"href":"https:\/\/gappesagem.com.br\/site\/wp-json\/wp\/v2\/types\/page"}],"author":[{"embeddable":true,"href":"https:\/\/gappesagem.com.br\/site\/wp-json\/wp\/v2\/users\/1"}],"replies":[{"embeddable":true,"href":"https:\/\/gappesagem.com.br\/site\/wp-json\/wp\/v2\/comments?post=1154"}],"version-history":[{"count":8,"href":"https:\/\/gappesagem.com.br\/site\/wp-json\/wp\/v2\/pages\/1154\/revisions"}],"predecessor-version":[{"id":1919,"href":"https:\/\/gappesagem.com.br\/site\/wp-json\/wp\/v2\/pages\/1154\/revisions\/1919"}],"wp:attachment":[{"href":"https:\/\/gappesagem.com.br\/site\/wp-json\/wp\/v2\/media?parent=1154"}],"curies":[{"name":"wp","href":"https:\/\/api.w.org\/{rel}","templated":true}]}}